{"id":24,"date":"2016-02-12T08:13:06","date_gmt":"2016-02-12T08:13:06","guid":{"rendered":"http:\/\/demos.famethemes.com\/onepress\/?page_id=24"},"modified":"2025-04-26T12:14:19","modified_gmt":"2025-04-26T16:14:19","slug":"verano-intensivo","status":"publish","type":"page","link":"https:\/\/nilvem.com\/nilvem\/verano-intensivo\/","title":{"rendered":"Verano Intensivo"},"content":{"rendered":"<p><span style=\"color: #000000;\">Regres\u00f3 el&nbsp; <strong>Verano Intensivo de Lectura Veloz<\/strong>.&nbsp; Esta es una excelente oportunidad de tomar este extraordinario curso este verano, o de que tus hijos lo tomen. Este es el curso que le da la ventaja a todo estudiante y profesional para triunfar sobre la competencia.<!--more--><\/span><\/p>\r\n<p><img loading=\"lazy\" decoding=\"async\" class=\"alignright wp-image-1889 size-medium\" src=\"https:\/\/nilvem.com\/nilvem\/wp-content\/uploads\/2023\/04\/Libros-verano-2-1-300x149.webp\" alt=\"\" width=\"300\" height=\"149\" srcset=\"https:\/\/nilvem.com\/nilvem\/wp-content\/uploads\/2023\/04\/Libros-verano-2-1-300x150.webp 300w, https:\/\/nilvem.com\/nilvem\/wp-content\/uploads\/2023\/04\/Libros-verano-2-1-1024x509.webp 1024w, https:\/\/nilvem.com\/nilvem\/wp-content\/uploads\/2023\/04\/Libros-verano-2-1-768x382.webp 768w, https:\/\/nilvem.com\/nilvem\/wp-content\/uploads\/2023\/04\/Libros-verano-2-1-1536x764.webp 1536w, https:\/\/nilvem.com\/nilvem\/wp-content\/uploads\/2023\/04\/Libros-verano-2-1.webp 1587w\" sizes=\"auto, (max-width: 300px) 100vw, 300px\" \/><\/p>\r\n<p><span style=\"color: #000000;\">El curso se ofrece en cuatro sesiones durante el verano, de lunes a viernes durante dos semanas tanto en junio como en julio. Ofreceremos cursos para adolescentes y adultos en horario de 9:00 a.m. a 12:00 m. y para ni\u00f1os de 9 a 11 a\u00f1os en las tardes, de 2:00 a 4:00 p.m.. Comenzamos el 3 de junio y luego nuevos grupos en 17 de junio y 1 y 15 de julio. En estos momentos, hay espacio solamente en la \u00faltima sesi\u00f3n, por <\/span><span style=\"color: #000000;\">lo que debes actuar con prontitud para no perder la oportunidad. Mira el itinerario completo abajo.<\/span><\/p>\r\n<p><span style=\"color: #000000;\">El curso se ofrece en forma presencial y, a la vez, en la plataforma Zoom. Las clases se graban para beneficio de cualquier estudiante que no pueda estar presente a la hora exacta. Lo puedes tomar desde donde quiera que est\u00e9s con una conexi\u00f3n de internet, en computadora, tableta o m\u00f3vil.<\/span><\/p>\r\n<p><span style=\"color: #000000;\">Si quieres aprovechar esta oportunidad, debes actuar pues es un grupo peque\u00f1o, para garantizar el mejor aprovechamiento.&nbsp;<\/span><\/p>\r\n<p><span style=\"color: #000000;\"><span style=\"line-height: 1.5em;\">La <strong>Lectura Veloz<\/strong> es la herramienta m\u00e1s efectiva del aprendizaje. Con las grandes exigencias del nuestros tiempos, se trata de una necesidad de todo estudiante y profesional que quiera triunfar. Combinada con nuestro <strong>M\u00e9todo&nbsp;de Estudio<\/strong> y las t\u00e9cnicas de <strong>Memoria<\/strong>, este conjunto de herramientas le dan a quien las posee una ventaja enorme.&nbsp;<\/span><\/span><\/p>\r\n<p><span style=\"color: #000000;\">Para&nbsp;hacer la inscripci\u00f3n por internet, usa el<\/span> <a href=\"https:\/\/nilvem.com\/nilvem\/inscripcion-verano-intensivo-2025\/\">Formulario de Inscripci\u00f3n <\/a><span style=\"color: #000000;\">o llama al 787 347-4415.<\/span><\/p>\r\n<p style=\"text-align: right;\"><a class=\"fasc-button fasc-size-medium fasc-type-flat fasc-rounded-medium ico-fa fasc-ico-before fa-arrow-circle-right fasc-style-bold\" style=\"background-color: #33809e; color: #ffffff;\" target=\"_blank\" rel=\"noopener\" href=\"https:\/\/nilvem.com\/nilvem\/inscripcion-verano-intensivo-2025\/\">&nbsp;INSCRIPCI\u00d3N&nbsp;<\/a><\/p>\r\n<h4>&nbsp;Curso Intensivo de Verano<\/h4>\r\n\n<table id=\"tablepress-1\" class=\"tablepress tablepress-id-1\">\n<thead>\n<tr class=\"row-1\">\n\t<th class=\"column-1\"><center>Sesi\u00f3n<\/th><th class=\"column-2\"><center>Fechas<\/th><th class=\"column-3\"><center>Grupo<\/th><th class=\"column-4\"><center>Horas<\/th><th class=\"column-5\"><center>Espacios disponibles<\/th>\n<\/tr>\n<\/thead>\n<tbody class=\"row-striping row-hover\">\n<tr class=\"row-2\">\n\t<td class=\"column-1\"><center>1<\/td><td class=\"column-2\">8 al 19 de junio<\/td><td class=\"column-3\">Adolescentes y adultos<\/td><td class=\"column-4\"><center>9:00 a.m. - 12:00 m.<\/td><td class=\"column-5\"><center><FONT COLOR=\"#ff0000\">12<\/td>\n<\/tr>\n<tr class=\"row-3\">\n\t<td class=\"column-1\"><\/td><td class=\"column-2\"><\/td><td class=\"column-3\">Ni\u00f1os 9 a 12 a\u00f1os<\/td><td class=\"column-4\">2:00 a 4:00 p.m.<\/td><td class=\"column-5\"><center><FONT COLOR=\"#ff0000\">8<\/td>\n<\/tr>\n<tr class=\"row-4\">\n\t<td class=\"column-1\"><center>2<\/td><td class=\"column-2\"><center>16 a 27 de junio<\/td><td class=\"column-3\">Adolescentes y adultos<\/td><td class=\"column-4\"><center>9:00 a.m. - 12:00 m.<\/td><td class=\"column-5\"><center><FONT COLOR=\"#ff0000\">6<\/td>\n<\/tr>\n<tr class=\"row-5\">\n\t<td class=\"column-1\"><center>3<\/td><td class=\"column-2\"><center>7 a 18 de julio<\/td><td class=\"column-3\">Adolescentes y adultos<\/td><td class=\"column-4\"><center>9:00 a.m. - 12:00 m.<\/td><td class=\"column-5\"><center><FONT COLOR=\"#ff0000\">5<\/td>\n<\/tr>\n<tr class=\"row-6\">\n\t<td class=\"column-1\"><center>4<\/td><td class=\"column-2\"><center>7 a 18 de julio<\/td><td class=\"column-3\">Adolescentes y adultos<\/td><td class=\"column-4\"><center>9:00 a.m. - 12:00 m.<\/td><td class=\"column-5\"><center><FONT COLOR=\"#ff0000\">8<\/td>\n<\/tr>\n<\/tbody>\n<\/table>\n<!-- #tablepress-1 from cache -->\r\n<h4>Para matr\u00edcula o para m\u00e1s informaci\u00f3n, puedes usar la forma de contacto en esta p\u00e1gina, o llamar al 787 347-4415.<\/h4>\r\n<p><span style=\"color: #000000;\">Puedes hacer inscripci\u00f3n ahora mismo utilizando la<\/span> <a href=\"https:\/\/nilvem.com\/homeWP\/?page_id=1241\">Forma de Inscripci\u00f3n<\/a>.<\/p>\r\n<h4>Curso Lectura Veloz, M\u00e9todo de Estudio y Memoria<\/h4>\r\n<h5 style=\"padding-left: 30px;\">Cupo m\u00e1ximo: Adolescentes y adultos: 12 personas<br>&nbsp; &nbsp; &nbsp; &nbsp; &nbsp; &nbsp; &nbsp; &nbsp; &nbsp; &nbsp; &nbsp; &nbsp; &nbsp; &nbsp; &nbsp; &nbsp; NI\u00d1OS: 8<\/h5>\r\n<h5 style=\"padding-left: 30px;\">Costo: Adolescentes y adultos: USD$500.00<br>&nbsp; &nbsp; &nbsp; &nbsp; &nbsp; &nbsp; &nbsp; &nbsp; NI\u00d1OS: USD $300.00<\/h5>\r\n<h6 style=\"padding-left: 60px;\">Descuento familiar:<\/h6>\r\n<h6 style=\"padding-left: 120px;\">$50.00 por persona en dos personas o m\u00e1s.<\/h6>\r\n<h6 style=\"padding-left: 60px;\">ModoS de pago:<\/h6>\r\n<h6 style=\"padding-left: 120px;\">Efectivo, ATH M\u00f3vil, Paypal, cheque o tarjeta de cr\u00e9dito VISA, MasterCard, American Express, Discover.<\/h6>\r\n<p style=\"text-align: right;\"><a class=\"fasc-button fasc-size-medium fasc-type-flat fasc-rounded-medium ico-fa fasc-ico-before fa-arrow-circle-right fasc-style-bold\" style=\"background-color: #33809e; color: #ffffff;\" target=\"_blank\" rel=\"noopener\" href=\"https:\/\/nilvem.com\/nilvem\/inscripcion-verano-intensivo-2025\/\">&nbsp;INSCRIPCI\u00d3N&nbsp;<\/a><\/p>\r\n<h5 style=\"padding-left: 30px;\">Lugar- <a href=\"https:\/\/goo.gl\/maps\/pHwZ7XGBRTSnbrwKA\" target=\"_blank\" rel=\"noopener\">Colegio de Ingenieros y Agrimensores<\/a><\/h5>\r\n<h6 style=\"padding-left: 30px;\">Urb. Roosevelt, Calle Antol\u00edn Nin 500, San Juan PR<br><span style=\"color: #00ffff;\"><a style=\"color: #00ffff;\" href=\"https:\/\/goo.gl\/maps\/pHwZ7XGBRTSnbrwKA\" target=\"_blank\" rel=\"noopener\">(Ver en Google Maps)<\/a><\/span><\/h6>\r\n\r\n<h5 style=\"padding-left: 40px;\">MEDIDAS SANITARIAS<\/h5>\r\n<h6 style=\"padding-left: 40px;\">SE REQUERIR\u00c1 CUALQUIER MEDIDA QUE EST\u00c9 EN VIGOR MEDIANTE ORDEN EJECUTIVA SI LA HUBIESE. SE LE SOLICITA A LOS ESTUDIANTES QUE DE SOSPECHAR CUALQUIER CONTAGIO O TENER ALG\u00daN TIPO DE S\u00cdNTOMA DE ALGUNA ENFERMEDAD CONTAGIOSA, SE ACOJAN AL MODO A DISTANCIA MIENTRAS AS\u00cd SEA NECESARIO. SI TIENE CUALQUIER SITUACI\u00d3N ESPECIAL, FAVOR COMUNICARLA PARA ATENDERLA A TIEMPO.<\/h6>\r\n","protected":false},"excerpt":{"rendered":"<p>Regresa el\u00a0 Verano Intensivo de Lectura Veloz.\u00a0 Esta es una excelente oportunidad de tomar este extraordinario curso este verano, o de que tus hijos lo tomen. Este es el curso que le da la ventaja a todo estudiante y profesional para triunfar sobre la competencia.<\/p>\n","protected":false},"author":1,"featured_media":0,"parent":0,"menu_order":0,"comment_status":"closed","ping_status":"closed","template":"","meta":{"footnotes":""},"class_list":["post-24","page","type-page","status-publish","hentry"],"_links":{"self":[{"href":"https:\/\/nilvem.com\/nilvem\/wp-json\/wp\/v2\/pages\/24","targetHints":{"allow":["GET"]}}],"collection":[{"href":"https:\/\/nilvem.com\/nilvem\/wp-json\/wp\/v2\/pages"}],"about":[{"href":"https:\/\/nilvem.com\/nilvem\/wp-json\/wp\/v2\/types\/page"}],"author":[{"embeddable":true,"href":"https:\/\/nilvem.com\/nilvem\/wp-json\/wp\/v2\/users\/1"}],"replies":[{"embeddable":true,"href":"https:\/\/nilvem.com\/nilvem\/wp-json\/wp\/v2\/comments?post=24"}],"version-history":[{"count":29,"href":"https:\/\/nilvem.com\/nilvem\/wp-json\/wp\/v2\/pages\/24\/revisions"}],"predecessor-version":[{"id":2528,"href":"https:\/\/nilvem.com\/nilvem\/wp-json\/wp\/v2\/pages\/24\/revisions\/2528"}],"wp:attachment":[{"href":"https:\/\/nilvem.com\/nilvem\/wp-json\/wp\/v2\/media?parent=24"}],"curies":[{"name":"wp","href":"https:\/\/api.w.org\/{rel}","templated":true}]}}